{"id":12665,"date":"2025-08-13T12:34:05","date_gmt":"2025-08-13T09:34:05","guid":{"rendered":"https:\/\/newshop.born.ro\/?post_type=product&#038;p=12665"},"modified":"2026-02-24T13:55:33","modified_gmt":"2026-02-24T11:55:33","slug":"jean-michel-le-cleach-horn-aus-buchenholz-ab-300mm","status":"publish","type":"product","link":"https:\/\/born.ro\/hornfertigung-seit-1978\/product\/jean-michel-le-cleach-horn-aus-buchenholz-ab-300mm\/","title":{"rendered":"Jean Michel Le Cleac\u00b4h Horn aus Buchenholz ab 300-600mm"},"content":{"rendered":"<p>Hornlautsprecher nach Jean-Michel Le Cl\u00e9ac&#8217;h (JMLC) zeichnen sich durch eine spezielle, \u00fcber den Rand hinaus weiter nach hinten gef\u00fchrte Kontur aus. Diese Konstruktion minimiert Kantenreflexionen, sorgt f\u00fcr ein besonders harmonisches Abstrahlverhalten und erm\u00f6glicht einen sehr linearen Frequenzgang sowie einen hohen Wirkungsgrad \u00fcber ein breites Spektrum.<br \/>Besondere Eigenschaften von JMLC-H\u00f6rnern:<br \/>Optimierte Kontur: Die JMLC-Kurve ist eine Weiterentwicklung der exponentiellen Kontur, die darauf ausgelegt ist, Abstrahlfehler zu minimieren und eine sehr gleichm\u00e4\u00dfige Richtwirkung zu erzielen.<br \/>Harmonisches Abstrahlverhalten: Durch die spezielle Form werden akustische Unstimmigkeiten am Hornmund verringert, was zu einem ausgeglichenen Klangbild unter verschiedenen Winkeln f\u00fchrt.<br \/>Hoher Wirkungsgrad &amp; Linearit\u00e4t: JMLC-H\u00f6rner, wie das JMLC-400, bieten eine hohe Effizienz (oft \u00fcber 100 dB\/W\/m) und erm\u00f6glichen einen sehr linearen Frequenzgang, der bereits ab relativ niedrigen Frequenzen (z.B. 500 Hz beim 400er Horn) genutzt werden kann.<br \/>Breitbandigkeit: Sie decken einen breiten Frequenzbereich bis \u00fcber 20 kHz ab.<br \/>Reduzierte Verzerrungen: Die effiziente Anpassung des Treibers an die Luft erm\u00f6glicht eine saubere Wiedergabe bei geringer Leistungsaufnahme.<br \/>JMLC-H\u00f6rner werden h\u00e4ufig in hochwertigen HiFi-Systemen verwendet, um die Vorteile von Hornlautsprechern (Dynamik, Pr\u00e4zision) mit einem nat\u00fcrlichen Klangbild zu verbinden.<\/p>\n","protected":false},"excerpt":{"rendered":"<p>Holzhorn f\u00fcr Hochtontreiber nach Jean Michel LeCleac\u00b4h gerechnet mit JMLC\u00b4s original spreadsheet !<br \/>Rollover ist fast komplett ausgef\u00fchrt.<\/p>\n","protected":false},"featured_media":12595,"template":"","meta":{"agni_page_title_hide":"","agni_page_title_align":"","agni_page_margin_remove":"","agni_page_bg_color":"","agni_page_bg_gradient":"","agni_page_header_source":"","agni_page_header_choice":"","agni_footer_block_id":"","agni_page_sidebar_choice":"","agni_slider_id":"","agni_product_layout_choice":""},"product_brand":[],"product_cat":[106],"product_tag":[],"class_list":{"0":"post-12665","1":"product","2":"type-product","3":"status-publish","4":"has-post-thumbnail","6":"product_cat-massivholz","8":"first","9":"instock","10":"taxable","11":"shipping-taxable","12":"purchasable","13":"product-type-variable","14":"has-default-attributes"},"_links":{"self":[{"href":"https:\/\/born.ro\/hornfertigung-seit-1978\/wp-json\/wp\/v2\/product\/12665","targetHints":{"allow":["GET"]}}],"collection":[{"href":"https:\/\/born.ro\/hornfertigung-seit-1978\/wp-json\/wp\/v2\/product"}],"about":[{"href":"https:\/\/born.ro\/hornfertigung-seit-1978\/wp-json\/wp\/v2\/types\/product"}],"wp:featuredmedia":[{"embeddable":true,"href":"https:\/\/born.ro\/hornfertigung-seit-1978\/wp-json\/wp\/v2\/media\/12595"}],"wp:attachment":[{"href":"https:\/\/born.ro\/hornfertigung-seit-1978\/wp-json\/wp\/v2\/media?parent=12665"}],"wp:term":[{"taxonomy":"product_brand","embeddable":true,"href":"https:\/\/born.ro\/hornfertigung-seit-1978\/wp-json\/wp\/v2\/product_brand?post=12665"},{"taxonomy":"product_cat","embeddable":true,"href":"https:\/\/born.ro\/hornfertigung-seit-1978\/wp-json\/wp\/v2\/product_cat?post=12665"},{"taxonomy":"product_tag","embeddable":true,"href":"https:\/\/born.ro\/hornfertigung-seit-1978\/wp-json\/wp\/v2\/product_tag?post=12665"}],"curies":[{"name":"wp","href":"https:\/\/api.w.org\/{rel}","templated":true}]}}